mon divisor of 8 and r.
8
Let o(g) = 2*g**3 - 13*g**2 - 8*g + 18. Let d be o(7). Calculate the greatest common divisor of d and 8.
1
Suppose -2*a = -9 - 1. Suppose 3*s + 1 = -m, 2*s + 6 = a*m - 3*m. Calculate the highest common divisor of m and 4.
2
Let n = -5 - -28. Let x be (3 - 3) + 4 + -5164. Let r be (-1)/4 + (-11)/(352/x). Calculate the highest common divisor of r and n.
23
Let d = -306 - -468. What is the greatest common factor of d and 54?
54
Let m be -3*(5 - 7) + 335. What is the greatest common divisor of 31 and m?
31
Suppose -5*h - 3*p = -53, -12*h + 7*h + 3*p = -47. Let q be h/5 - (-1)/(2/296). What is the highest common factor of q and 60?
30
Suppose -6*v = -11*v - 3*w + 628, -2*v = w - 252. Calculate the highest common factor of v and 16.
16
Let r = 0 + 0. Let o = 3 + r. Suppose 4*q = -2*i + 20 + 12, 0 = o*q + 2*i - 24. Calculate the greatest common divisor of 8 and q.
8
Let l = -47 + 16. Let r = -20 - l. What is the highest common factor of 121 and r?
11
Let d be 3 + -6*(-4 - (-33)/9). Suppose 3*h = 4*m - 226, 2*h = -m - h + 49. What is the highest common factor of m and d?
5
Let r(z) = -2*z**2 - 20*z + 20. Let f be r(-11). Let u(g) = -g**3 + g + 3. Let q be u(f). What is the greatest common divisor of q and 9?
9
Suppose -26 + 42 = -4*k. Let i be (-102)/k + (-9)/18. Suppose 0 = -5*s - 15, -5*m + 616 = -2*s - 765. What is the greatest common divisor of i and m?
25
Let x = -10 - -52. Let d = -164 + 227. Calculate the greatest common divisor of x and d.
21
Suppose 2*h = -3*g - 0*g + 47, -4*g = -h - 48. Suppose -26*i + 1419 + 1623 = 0. Calculate the highest common factor of i and g.
13
Suppose 0 = 3*z - 2*b - 99, -2*b = -5*z + 180 - 11. Calculate the greatest common factor of z and 20.
5
Let o(r) = -33*r - 234. Let i be o(-8). What is the highest common divisor of i and 78?
6
Let f = 2006 - 1529. Calculate the greatest common factor of f and 53.
53
Suppose 0 = 9*z - 1330 + 43. Calculate the greatest common divisor of z and 26.
13
Let j = -7 + 10. Let g be 11 + -1 + 1 + j. Calculate the highest common factor of g and 28.
14
Suppose 1160 = 5*q + 305. Calculate the highest common factor of q and 152.
19
Let x = -128 - -148. Let f be 6/(-4)*260/(-39). What is the greatest common divisor of x and f?
10
Let i be (-1035)/(-92) + 1 + 5/(-4). Calculate the greatest common divisor of 187 and i.
11
Suppose 5*q = 2*g + 24, 4*g + 13 - 21 = -4*q. Calculate the greatest common divisor of q and 25.
1
Let a(g) = -g**2 + 32*g - 121. Let b be a(5). What is the highest common factor of 2 and b?
2
Let l(p) = 3*p**2 - 8*p - 39. Let f be l(12). What is the highest common divisor of 27 and f?
27
Let y = -33 + 41. Calculate the highest common factor of y and 8.
8
Let t = -37 + 67. Calculate the highest common factor of 780 and t.
30
Let w(c) = c**3 + 5*c**2 + 4*c + 4. Let k be w(-4). Let d be 790/18 + k/36. What is the greatest common factor of d and 110?
22
Let q be ((-243)/2)/(6/(-12)). Let n(c) = 46*c**2 + 2*c + 1. Let z be n(-1). Let x be (18/5)/(6/z). Calculate the highest common factor of q and x.
27
Let z(u) = -33*u + 7. Let q be z(2). Let y = 66 + q. Suppose -147 = 2*h - 5*h. What is the greatest common factor of y and h?
7
Suppose 3*u - 20 = -2*u. Suppose -4*x = -x - 9, u*x = 5*g - 23. Suppose 0 = 8*d - 4*d - 84. Calculate the highest common divisor of g and d.
7
Let r = 25 + -15. Suppose 0 = 23*i - 15*i - 120. What is the highest common factor of r and i?
5
Suppose 2*s + 4*s + 642 = 0. Let h = -47 - s. What is the greatest common factor of 48 and h?
12
Suppose -2*p = 2*v - 10, -5*v = 3*p + 4 - 25. Suppose 4*w = -p - 146. Let r = w + 68. Calculate the greatest common divisor of r and 62.
31
Suppose -24*q - 24*q + 18144 = 0. What is the highest common divisor of q and 36?
18
Suppose -34*i - 50 = -39*i. Let h be -4*i/8*9/(-5). What is the highest common factor of h and 18?
9
Let y be (-2)/3 + 425/(-15). Let z = 41 + y. Suppose -4 = -4*t, -4*o + 8*t - 3*t = -115. Calculate the highest common factor of o and z.
6
Suppose 659*v = 654*v + 180. Calculate the highest common divisor of v and 144.
36
Suppose 320 = -20*p + 28*p. Calculate the greatest common divisor of p and 24.
8
Let x = 7 - 3. Suppose -x*g = -9*g. Suppose 3*t - 5*w - 154 = 0, 8*t - 4*t + w - 190 = g. What is the highest common divisor of 6 and t?
6
Suppose -3*c + 11 = -8*c - y, 0 = -2*c + 3*y - 1. Let u be c/3 - (-29)/3. Suppose 7*r = 4*r + 9. Calculate the highest common divisor of u and r.
3
Let w(m) = 6*m + 3*m - m - 3 - 37*m. Let u(d) = -4*d + 1. Let y be u(1). Let j be w(y). What is the highest common divisor of 12 and j?
12
Let y(i) = -3*i**3 - 20*i**2 - 13*i - 3. Let b be y(-6). What is the greatest common factor of b and 48?
3
Suppose -5*f + 3*d + 14 = -0*d, 3*f + 5*d = 22. Suppose f*k + 14 = 174. Suppose 0*s - k = -2*s. What is the greatest common factor of 50 and s?
10
Let x(p) = -p**3 + 8*p**2 + 24*p - 4. Let m be x(10). Let t be ((1 - -1) + 20)*234/m. Calculate the highest common divisor of 13 and t.
13
Let v = 24 + -20. Suppose -3*c = v*b - 43, -2*b + 18 = c - 5. Calculate the highest common factor of 104 and b.
13
Suppose 4*b = 16, 3*b = 4*k - 329 - 859. Calculate the highest common divisor of 150 and k.
150
Let v be (-2)/7 + (-726)/154 - 111/(-3). Let f be (-5)/(-2)*4 + -2. Calculate the greatest common divisor of f and v.
8
Let a = 1231 + -718. What is the highest common factor of 114 and a?
57
Suppose -5*z + 0*z - i + 1797 = 0, 3*i = 4*z - 1449. Calculate the highest common divisor of z and 20.
20
Let b(p) = 2*p**2 + 9*p. Let i be b(-6). Let g(y) = -27*y - 3. Let m be g(-1). Suppose 0 = 16*n - 12*n - m. Calculate the highest common factor of i and n.
6
Let h be -2 + (-24)/(-14) - 681/(-7). Let y = h + -17. What is the highest common factor of 16 and y?
16
Let o(t) = 10*t**3 + 84*t**2 + 2*t - 9. Let r be o(-7). What is the greatest common factor of 102 and r?
51
Let t(h) = h**3 - 2*h**2 - 15*h + 8. Let a be t(-3). Suppose 0 = -u + m + 75, -u + 57 = -4*m - 27. Calculate the highest common divisor of a and u.
8
Let m = -374 + 211. Let a = -108 - m. What is the greatest common factor of a and 11?
11
Let z = -59 - -76. Suppose 5*t - 113 = z. Calculate the highest common factor of t and 65.
13
Suppose 0 = -3*q - 2*p + 26, -4*q + 2*p + 5 + 11 = 0. Let c be (-616)/(-220) + (-3)/(-15). What is the greatest common factor of c and q?
3
Suppose 13 = -3*x + 52. Calculate the greatest common divisor of 39 and x.
13
Suppose -72*w + 330 = -61*w. What is the highest common factor of 12 and w?
6
Suppose -2 + 13 = j + c, -4*c = -4. What is the greatest common divisor of 90 and j?
10
Let o be ((-20)/(-6) + -2)/((-32)/(-336)). Let s(m) = 15*m + 7. Let i be s(7). Calculate the greatest common factor of i and o.
14
Suppose -5*d + 46 = -134. Let c = -31 + d. Suppose 0 = -c*t + 16 + 109. What is the greatest common divisor of t and 5?
5
Let m be 0 - (-3)/(4 + -1). Let p be (9/(-4))/((-3)/16). Let y = p - 4. Calculate the highest common divisor of m and y.
1
Let x(h) = -h**3 - 10*h**2 + 10. Let o be x(-10). Suppose 10 + o = 5*k. Suppose -4*r = 4, i - 3*r + 111 = k*i. What is the highest common factor of 95 and i?
19
Suppose -6*s - 65 = -593. What is the highest common factor of s and 64?
8
Let p(y) = 13*y - 146. Let q be p(16). What is the highest common factor of 434 and q?
62
Suppose -15*m + 23*m - 1200 = 0. What is the highest common divisor of 100 and m?
50
Let t = 10 + -14. Let k = 1 + t. Let s be (-7 + 4)/k + 2. Calculate the greatest common divisor of 2 and s.
1
Let o be (189/(-6))/((-33)/44). Calculate the greatest common factor of o and 30.
6
Let c be -48*(-2)/(-6)*9/(-6). What is the greatest common divisor of c and 360?
24
Let x be (-314)/(-6) - 2/(-3). Let k = x + -34. Calculate the greatest common factor of 76 and k.
19
Let a(s) = -s**2 + s - 9. Let i be a(0). Let z be i/1*(2 + -7). Suppose -75*p = -72*p - 54. Calculate the greatest common factor of p and z.
9
Suppose -28*w + 10*w = -126. Let m = 6 - 5. Calculate the highest common divisor of w and m.
1
Let y be (-4560)/(-135) + (-2)/(-9). Calculate the highest common factor of y and 8.
2
Suppose -234 = 109*a - 122*a. Let h = 2 - 1. Suppose -4*l = 5*b + h - 25, -2*l + a = b. Calculate the greatest common divisor of 77 and l.
11
Sup